{"id":319,"date":"2017-12-12T11:31:16","date_gmt":"2017-12-12T10:31:16","guid":{"rendered":"http:\/\/klebebuchstaben-profi.de\/?page_id=319"},"modified":"2017-12-12T11:32:31","modified_gmt":"2017-12-12T10:32:31","slug":"innen-aussen","status":"publish","type":"page","link":"http:\/\/klebebuchstaben-profi.de\/?page_id=319","title":{"rendered":"Innen\/Au\u00dfen"},"content":{"rendered":"<p>Klebebuchstaben lassen sich in vielen Bereichen einsetzen.<\/p>\n<p>Manche im Innenbereich und manche im Au\u00dfenbereich.<\/p>\n<p>Innen werden Klebebuchstaben h\u00e4ufig an W\u00e4nden oder T\u00fcren geklebt. Da wo die Leute halt oft vorbei m\u00fcssen!<\/p>\n<p>&nbsp;<\/p>\n<p>Au\u00dfen werden die Buchstaben ebenfalls an W\u00e4nde geklebt oder auch an Fahrzeuge oder Fensterscheiben.<\/p>\n<p>Damit k\u00f6nnen vorbeigehende Passanten Ihre Werbebotschaft sehen und Sie k\u00f6nnen sie entfernen, wenn Sie sie nichtmehr brauchen!<\/p>\n<p>Auch wenn Sie eins Ihrer Fahrzeuge verkaufen, k\u00f6nnen Sie Ihre Buchstaben abziehen, was bei z.B. einer Lackierung nicht m\u00f6glich w\u00e4re!<\/p>\n<p>&nbsp;<\/p>\n","protected":false},"excerpt":{"rendered":"<p>Klebebuchstaben lassen sich in vielen Bereichen einsetzen. Manche im Innenbereich und manche im Au\u00dfenbereich. Innen werden Klebebuchstaben h\u00e4ufig an W\u00e4nden<\/p>\n","protected":false},"author":7,"featured_media":0,"parent":0,"menu_order":0,"comment_status":"closed","ping_status":"closed","template":"","meta":{"footnotes":""},"_links":{"self":[{"href":"http:\/\/klebebuchstaben-profi.de\/index.php?rest_route=\/wp\/v2\/pages\/319"}],"collection":[{"href":"http:\/\/klebebuchstaben-profi.de\/index.php?rest_route=\/wp\/v2\/pages"}],"about":[{"href":"http:\/\/klebebuchstaben-profi.de\/index.php?rest_route=\/wp\/v2\/types\/page"}],"author":[{"embeddable":true,"href":"http:\/\/klebebuchstaben-profi.de\/index.php?rest_route=\/wp\/v2\/users\/7"}],"replies":[{"embeddable":true,"href":"http:\/\/klebebuchstaben-profi.de\/index.php?rest_route=%2Fwp%2Fv2%2Fcomments&post=319"}],"version-history":[{"count":3,"href":"http:\/\/klebebuchstaben-profi.de\/index.php?rest_route=\/wp\/v2\/pages\/319\/revisions"}],"predecessor-version":[{"id":326,"href":"http:\/\/klebebuchstaben-profi.de\/index.php?rest_route=\/wp\/v2\/pages\/319\/revisions\/326"}],"wp:attachment":[{"href":"http:\/\/klebebuchstaben-profi.de\/index.php?rest_route=%2Fwp%2Fv2%2Fmedia&parent=319"}],"curies":[{"name":"wp","href":"https:\/\/api.w.org\/{rel}","templated":true}]}}